 = -10*x + 5*x + 5. Is (17 + -18)*(-1 + x + -3155) composite?
True
Let x = 11048 - -3389. Is x composite?
False
Is ((-1)/(-2))/(9070/9068 - 1) a composite number?
False
Let s(r) = -631*r - 64. Is s(-3) composite?
True
Let n = 7 - 3. Suppose n*r = 155 + 9. Let z = r - 4. Is z a composite number?
False
Suppose 2737 + 3317 = 6*s. Is s prime?
True
Suppose -2*c - 4964 + 200 = 0. Let p be c/2*3/3. Let o = p - -2012. Is o a composite number?
False
Let u(y) = -y**3 + 38*y**2 - 23*y - 31. Is u(26) a prime number?
False
Suppose -4*z = 5*b - 32, 2*z + 2*b = 3*z + 5. Let q be 400/(-24)*2*z. Is -3 + (3 + -4)*q a composite number?
False
Suppose -6*d - 2*r = -3*d - 24929, 0 = 3*d - 2*r - 24937. Is d a composite number?
False
Let p be 241*(-1 + 0) - 2. Suppose -g = -4*g + 2*u - 102, -3*u = 3*g + 87. Let j = g - p. Is j prime?
True
Let l(d) = 3 + 6*d - 8 - 1 + 7*d**2. Is l(-5) a composite number?
False
Let c(u) be the second derivative of -22*u**3/3 - 5*u**2/2 - 37*u. Let y be 3/(-2)*(6 - 0). Is c(y) composite?
True
Suppose -62*v - 32011 = -79*v. Is v prime?
False
Let d(h) be the second derivative of h**5/20 + 5*h**4/6 + 3*h**3/2 - h**2 + 3*h. Let y be d(-9). Is 37 + (3 - (-6)/y) a composite number?
False
Is 3/(-6)*10 - -1852 prime?
True
Let l(p) = 2*p - 44. Let q(u) = -2*u + 45. Let z(o) = -3*l(o) - 2*q(o). Let k be z(17). Suppose -k*n = -12*n + 3508. Is n a composite number?
False
Suppose -3*o = 12, -2*n + 114158 = -35*o + 34*o. Is n a composite number?
False
Suppose 73463 = 3*p + 2*t, -4*p + 97945 = -3*t - 0*t. Is p a composite number?
True
Let c(d) = -49*d**3 + 4*d**2 + 3*d - 25. Is c(-4) a composite number?
False
Let s(q) = -2*q**3 - 6*q**2 + 2*q - 4. Let b be s(9). Is 5/(-20)*-8 - b/2 composite?
False
Let x(w) = 2*w**2 - 6*w - 3. Let j(d) = d**3 - 4*d**2 - 3*d - 6. Let i be j(5). Suppose i*n - 4 = 5*n. Is x(n) prime?
True
Suppose 0 = 3*y + 5*j + 19, -y - 4*j + 0*j = 18. Suppose 1712 = y*r - 2*a, -5*r - 4*a + 5*a = -4268. Is r composite?
False
Let q = 992 + -551. Let p = 656 - q. Is p prime?
False
Let o(c) = 71*c - 15. Suppose 3*b - 15 + 0 = 0. Let r be o(b). Suppose g + 3*g = r. Is g composite?
True
Suppose -p - 3*p + 20 = 0. Suppose -p*s + 1432 = 337. Is s a composite number?
True
Let r(u) = -53*u - 18. Suppose 4*i + 28 = 2*i. Let q be r(i). Suppose -4*m + 4*o + 1810 = m, -2*m = 5*o - q. Is m a prime number?
False
Let u(k) = -k**3 + 3*k**2 - k + 1. Let z be u(3). Let c be (z/4)/((-3)/36). Suppose -c = -g - g. Is g prime?
True
Let p be (-1 + 1)/(2/2). Suppose p = -0*j + 4*j - 12. Suppose 3*u - 1469 = -4*o, -3*u - j*o = -4*u + 494. Is u a composite number?
False
Is (313/(-4) - -5)*-4 a prime number?
True
Let c = 15 + -12. Let j be ((-9)/(-6))/(c/(-40)). Let d = j + 69. Is d composite?
True
Suppose -w - 966 = 3*n, -n + 6164 - 1254 = -5*w. Let z = -3663 - w. Is 6/9*z/(-12) prime?
True
Suppose -8 = 4*l - 6*l. Suppose -4*a + 540 = l*k, 2*k - 548 = -2*k - 2*a. Is k a prime number?
True
Let q(n) = 2*n**3 + 11*n**2 + 18*n - 4. Is q(11) a prime number?
False
Is (-145)/(-87)*47631/1 a composite number?
True
Let u(j) = -24*j - 572*j + 9 + 0. Is u(-7) composite?
True
Let z(m) = 161*m - 88. Is z(25) prime?
False
Let b = -14 - -18. Suppose -b*x + 409 = -3*x. Is x a prime number?
True
Let l = -10451 - -17574. Is l composite?
True
Let y(p) = 2*p**3 - 6*p**2 - 15*p + 6. Let t be y(6). Suppose 3*n = 7*n - t. Is n a prime number?
False
Let w = -26 - -46. Let s = 18 - w. Is (5 + s)*(-97)/(-3) a prime number?
True
Suppose -h - 4*l + 39 + 4 = 0, -5*h + 5*l + 315 = 0. Is h composite?
False
Let x(z) = -20795*z - 191. Is x(-2) composite?
False
Suppose -4*k + 12 = -4. Suppose -k*b = 5*o - 8171, 0 = 3*b + b + 3*o - 8165. Is b a composite number?
False
Let m(a) = -3*a - 5*a + 9*a + 0*a. Let i be m(-1). Let s(l) = -97*l**3 - l**2 - l. Is s(i) a prime number?
True
Let j(m) = m**2 + 38*m + 11. Let l be j(-22). Is (2 - l) + (2 - 4) prime?
False
Suppose 6 = j - 3*j, 19 = 2*d - 5*j. Suppose -3*t + f = -0*t - 6, -d*f + 18 = 4*t. Suppose -s - 5*l + 1062 = 0, t*l = -4*s + 4*l + 4353. Is s prime?
True
Let i(g) = g**2 - 7*g + 3. Let z be i(6). Is (z + 1)*879/(-6) a prime number?
True
Suppose 0*b + 54 = 3*b. Let j be b/(-54) + 13/3. Suppose -j*s + 0*s = -h - 1168, 16 = 4*h. Is s a composite number?
False
Suppose 4*r + 7046 + 6833 = i, -41679 = -3*i - 2*r. Is i prime?
False
Is (31/(-93))/((-1)/2823) composite?
False
Let r = -2 + 2. Suppose r = p - 3*p + 16. Let z = p + 15. Is z a prime number?
True
Suppose 4578 = 5*u - 11062. Let t = -1881 + u. Is t composite?
True
Let y = -57 + 58. Is (y/4)/((-11)/(-213884)) a prime number?
True
Suppose -2*x + 5 = -5. Let p be 9642/26 + (-6)/(-39). Suppose -451 = -4*c - c + 2*n, -x*n = -4*c + p. Is c prime?
True
Let q(b) = -23*b - 3. Let g be q(5). Suppose -2*o - n + 373 = 0, 751 = 21*o - 17*o + n. Let l = o - g. Is l composite?
False
Let j(r) = 1243*r**3 - 3*r**2 - 11*r + 46. Is j(3) composite?
False
Let v be ((-3)/5)/(5/(-25)). Suppose 4*a = -v*o + 1197, -5*o + 3*o = 10. Suppose -d + 446 = 5*t - a, 5*t + 2*d = 753. Is t prime?
True
Is 146634/18 + ((-10)/(-6) - 1) a composite number?
False
Suppose 2*l + 91470 = 8*l. Is l composite?
True
Let w(o) = 197*o - 104. Is w(9) a prime number?
True
Suppose -4*m - 69081 = -5*t, 4*m + 40265 = 4*t - 15003. Is t prime?
False
Let n = -10 - -7. Let s(u) = u**2 - 13*u**3 - 3693800*u + 1 + 3693796*u + 0*u**2. Is s(n) a prime number?
True
Let u(s) = -s**3 - 2*s**2 + 15*s - 51. Is u(-16) a prime number?
False
Suppose -6193 = -n + 2*q, -n - 2*q = -6*n + 30981. Is n composite?
False
Let o = -25 - -65. Let u = o + -36. Suppose 0 = -v - 4*v + 5, -154 = -u*i + 2*v. Is i prime?
False
Suppose 15*t - 126787 = -4*t. Is t prime?
True
Let x = -107 - -110. Suppose -a = 5*s - 3277, 0 = -3*s - 0*a + x*a + 1959. Is s a prime number?
False
Let o(a) = 94*a**2 + a + 1. Is o(2) a composite number?
False
Let c = 60 + -34. Suppose 2*z - 10 = c. Let l = 41 - z. Is l prime?
True
Let w be 0/12*(1 - 0). Suppose -4*o - 5*i + 3*i + 836 = 0, -5*o + 5*i + 1075 = w. Is o prime?
True
Let u = 21 + -10. Let t be 81/(-99) - 2/u. Is t/(404/406 + -1) a prime number?
False
Suppose -5*o = 2*n - 9, 2*o = 7*o - 2*n - 1. Is 14/(0 + 1) + o/1 a composite number?
True
Suppose -11*p = -6*p + 4840. Let b = 1363 + p. Is b composite?
True
Let t = -97 + 313. Let o = t - 119. Let k = o + 262. Is k a composite number?
False
Let b = -7663 - -16562. Is b prime?
False
Let i(b) = -212*b + 2. Let r(h) = -2*h + 8*h + 6 - 7*h + 2*h. Let c be r(-7). Is i(c) composite?
True
Let r(x) = 171*x**3 + 10*x**2 + 22. Is r(5) prime?
True
Let j = -61 - -61. Let p(t) = -t**2 + 2*t + 863. Is p(j) a prime number?
True
Let a(q) be the second derivative of 247*q**3/6 + 2*q**2 + 9*q. Is a(1) a prime number?
True
Suppose 0 = 11*u + 17 - 61. Suppose -5*m + 1425 = u*v, 4*v = v + 4*m + 1061. Is v a prime number?
False
Let z = 53 + 3810. Is z a composite number?
False
Let j = 17 - 29. Let y(v) = v**2 + 11*v + 10. Is y(j) a prime number?
False
Let b(l) = -236*l**3 + 28*l**2 - 11*l + 14. Is b(-11) a prime number?
False
Suppose x - 20 = 6*x. Let r be x/(-16)*4 + 518. Let b = r + -188. Is b a prime number?
True
Let m = 1528 - 473. Is m a prime number?
False
Suppose -127843 = -4*x + 5*v, -21*v + 16*v - 159800 = -5*x. Is x prime?
True
Let o = -3 - -20. Let b = 21 - o. Suppose b*d + 0*d = -5*s + 2061, 2041 = 4*d + s. Is d a composite number?
False
Let j(q) be the first derivative of -2*q**3/3 + 3*q**2 - 4*q + 4. Let r(w) be the first derivative of j(w). Is r(-8) prime?
False
Let h(k) = 3*k - 3. Let u be h(-3). Let v = 24 + u. Is ((-9)/v)/((-2)/40) a prime number?
False
Let u be (-1)/(4/84*3). Let t = u + 7. Suppose 5*b - b - 532 = t. Is b a composite number?
True
Let m = -2 + -4. Let a be (m/(-3))/(-3 + 5). Is (6/(-4))/(a/(-178)) a prime number?
False
Suppose -4*n - 19 = -3*b, -8 = -2*b + n + 3. Suppose b*d - 500 = -5*q, 4*d + q = -0*q + 391. Is d prime?
True
Let l(w) = 3*w**2 + 7*w - 8. Let j(g) = -3*g**2 - 8*g + 8. Let y(i) = -5*j(i) - 4*l(i). Let s be (-20)/30 + (-19)/3. Is y(s) a prime number?
False
Suppose 42321 = -18*f + 21*f. Is f prime?
True
Suppose 2*o = -0*o + 6. Suppose -5*b = -o*b. Suppose 5*p - 885 = s, b = -3*p - 4*s + 150 + 381. Is p a composite number?
True
Let q be (-852)/(-8)*(-2 - (-188)/(-3